{"id":43,"date":"2016-12-18T11:43:34","date_gmt":"2016-12-18T10:43:34","guid":{"rendered":"http:\/\/www.dewimperspecialist.nl\/web\/?page_id=43"},"modified":"2026-02-05T16:49:23","modified_gmt":"2026-02-05T14:49:23","slug":"training","status":"publish","type":"page","link":"https:\/\/www.dewimperspecialist.nl\/web\/training\/","title":{"rendered":"Training"},"content":{"rendered":"<p>Training wimperverlenging d.m.v. wimperextensions bij &#8216;De Wimperspecialist.<\/p>\n<p>In mijn salon aan huis (1e verdieping) verzorg ik een training wimperextensions one by one, datum en tijd in overleg.<\/p>\n<p>Hoe ziet\u00a0de training er uit:<br \/>\nDag 1 (ongeveer 4 uur):<br \/>\nWe beginnen met uitleg van de materialen en verschillende wimpers. Daarna gaan we meteen aan de slag met het zetten van wimpers. Deze training is inclusief startpakket.<\/p>\n<p>Dag 2 (ongeveer 2 uur):<br \/>\nNa 2 weken kom je terug voor uitleg over bijvullen en alle vragen die je nog hebt na 2 weken veel oefenen. \u00a0Als afsluiting wordt het certificaat uitgereikt. Ook na de training kan je bij &#8216;De Wimperspecialist&#8217; terecht met al je vragen.<\/p>\n<div>De kosten van deze training, compleet met starterspakket, lesboek en certificaat bedragen \u20ac 595,00<\/div>\n<div>Aanmelden kan via\u00a0onderstaand contactformulier<\/div>\n<div>Data en tijd in overleg.<\/div>\n<div><strong>Individueel les!<\/strong><\/div>\n<p>Evenals de techniek, &#8216;one by one wimperextensions&#8217; die je leert bij &#8216;De Wimperspecialist&#8217;, wordt ook de training \u00e9\u00e9n op \u00e9\u00e9n gegeven!<\/p>\n<p>Je dient zelf voor een model te zorgen.<\/p>\n<p>Inclusief starterspakket.<\/p>\n\n\n<!-- Fast Secure Contact Form plugin 4.0.52 - begin - FastSecureContactForm.com -->\r\n<div style=\"clear:both;\"><\/div>\n<p><\/p>\r\n<div id=\"FSContact1\" style=\"width:99%; max-width:555px;\">\r\n<form action=\"https:\/\/www.dewimperspecialist.nl\/web\/wp-json\/wp\/v2\/pages\/43#FSContact1\" id=\"fscf_form1\" method=\"post\">\r\n\n<div id=\"fscf_required1\">\n  <span style=\"text-align:left;\">*<\/span> <span style=\"text-align:left;\">Verplicht Veld<\/span>\n<\/div>\n\n\n<div id=\"fscf_div_clear1_0\" style=\"clear:both;\">\n  <div id=\"fscf_div_field1_0\" style=\"clear:left; float:left; width:99%; max-width:550px; margin-right:10px;\">\r\n    <div style=\"text-align:left; padding-top:5px;\">\n      <label style=\"text-align:left;\" for=\"fscf_name1\">Naam:<span style=\"text-align:left;\">*<\/span><\/label>\n    <\/div>\r\n    <div style=\"text-align:left;\">\r\n      <input style=\"text-align:left; margin:0; width:99%; max-width:450px;\" type=\"text\" id=\"fscf_name1\" name=\"full_name\" value=\"\"  \/>\r\n    <\/div>\r\n  <\/div>\n<\/div>\n\n<div id=\"fscf_div_clear1_5\" style=\"clear:both;\">\n  <div id=\"fscf_div_field1_5\" style=\"clear:left; float:left; width:99%; max-width:550px; margin-right:10px;\">\n    <div  id=\"fscf_label1_5\" style=\"text-align:left; padding-top:5px;\">\r\n      <label style=\"text-align:left;\" for=\"fscf_field1_5\">Adres:<span style=\"text-align:left;\">*<\/span><\/label>\n    <\/div>\n    <div style=\"text-align:left;\">\n      <input style=\"text-align:left; margin:0; width:99%; max-width:450px;\" type=\"text\" id=\"fscf_field1_5\" name=\"Adres\" value=\"\"  \/>\n    <\/div>\n  <\/div>\n<\/div>\n\n<div id=\"fscf_div_clear1_6\" style=\"clear:both;\">\n  <div id=\"fscf_div_field1_6\" style=\"clear:left; float:left; width:99%; max-width:550px; margin-right:10px;\">\n    <div  id=\"fscf_label1_6\" style=\"text-align:left; padding-top:5px;\">\r\n      <label style=\"text-align:left;\" for=\"fscf_field1_6\">Postcode en Woonplaats:<span style=\"text-align:left;\">*<\/span><\/label>\n    <\/div>\n    <div style=\"text-align:left;\">\n      <input style=\"text-align:left; margin:0; width:99%; max-width:450px;\" type=\"text\" id=\"fscf_field1_6\" name=\"Postcode\" value=\"\"  \/>\n    <\/div>\n  <\/div>\n<\/div>\n\n<div id=\"fscf_div_clear1_4\" style=\"clear:both;\">\n  <div id=\"fscf_div_field1_4\" style=\"clear:left; float:left; width:99%; max-width:550px; margin-right:10px;\">\n    <div  id=\"fscf_label1_4\" style=\"text-align:left; padding-top:5px;\">\r\n      <label style=\"text-align:left;\" for=\"fscf_field1_4\">Telefoonnummer:<span style=\"text-align:left;\">*<\/span><\/label>\n    <\/div>\n    <div style=\"text-align:left;\">\n      <input style=\"text-align:left; margin:0; width:99%; max-width:450px;\" type=\"text\" id=\"fscf_field1_4\" name=\"Telefoonnummer\" value=\"\"  \/>\n    <\/div>\n  <\/div>\n<\/div>\n\n<div id=\"fscf_div_clear1_1\" style=\"clear:both;\">\n  <div id=\"fscf_div_field1_1\" style=\"clear:left; float:left; width:99%; max-width:550px; margin-right:10px;\">\n    <div style=\"text-align:left; padding-top:5px;\">\n      <label style=\"text-align:left;\" for=\"fscf_email1\">Email:<span style=\"text-align:left;\">*<\/span><\/label>\n    <\/div>\n    <div style=\"text-align:left;\">\n      <input style=\"text-align:left; margin:0; width:99%; max-width:450px;\" type=\"text\" id=\"fscf_email1\" name=\"email\" value=\"\"  \/>\n    <\/div>\n  <\/div>\n<\/div>\n\n<div id=\"fscf_div_clear1_3\" style=\"clear:both;\">\n  <div id=\"fscf_div_field1_3\" style=\"clear:left; float:left; width:99%; max-width:550px; margin-right:10px;\">\n    <div style=\"text-align:left; padding-top:5px;\">\n      <label style=\"text-align:left;\" for=\"fscf_field1_3\">Bericht:<span style=\"text-align:left;\">*<\/span><\/label>\n    <\/div>\n    <div style=\"text-align:left;\">\n      <textarea style=\"text-align:left; margin:0; width:99%; max-width:450px; height:120px;\" id=\"fscf_field1_3\" name=\"message\" cols=\"30\" rows=\"10\" ><\/textarea>\n    <\/div>\n  <\/div>\n<\/div>\r\n<div style=\"clear:both;\"><\/div>\n\n<div id=\"fscf_submit_div1\" style=\"text-align:left; clear:both; padding-top:15px;\">\r\n\t\t<input type=\"submit\" id=\"fscf_submit1\" style=\"cursor:pointer; margin:0;\" value=\"Versturen\"  onclick=\"this.disabled=true; this.value='Submitting...'; this.form.submit();\" \/> \n<\/div>\n\n<input type=\"hidden\" name=\"fscf_submitted\" value=\"0\" \/>\n<input type=\"hidden\" name=\"fs_postonce_1\" value=\"af870c4b0e26fb7cef28178f66d97a8f,1779010549\" \/>\n<input type=\"hidden\" name=\"si_contact_action\" value=\"send\" \/>\n<input type=\"hidden\" name=\"form_id\" value=\"1\" \/>\n<input type=\"hidden\" name=\"mailto_id\" value=\"1\" \/>\n\n<\/form>\n<\/div>\r\n<div style=\"clear:both;\"><\/div>\n\n<!-- Fast Secure Contact Form plugin 4.0.52 - end - FastSecureContactForm.com -->\n\n","protected":false},"excerpt":{"rendered":"<p>Training wimperverlenging d.m.v. wimperextensions bij &#8216;De Wimperspecialist. In mijn salon aan huis (1e verdieping) verzorg ik een training wimperextensions one by one, datum en tijd in overleg. Hoe ziet\u00a0de training er uit: Dag 1 (ongeveer 4 uur): We beginnen met uitleg van de materialen en verschillende wimpers. Daarna gaan we meteen aan de slag met &hellip; <\/p>\n<p class=\"link-more\"><a href=\"https:\/\/www.dewimperspecialist.nl\/web\/training\/\" class=\"more-link\">Lees verder <span class=\"screen-reader-text\">&#8220;Training&#8221;<\/span><\/a><\/p>\n","protected":false},"author":1,"featured_media":535,"parent":0,"menu_order":0,"comment_status":"closed","ping_status":"closed","template":"","meta":{"jetpack_post_was_ever_published":false,"_joinchat":[],"footnotes":"","_links_to":"","_links_to_target":""},"class_list":["post-43","page","type-page","status-publish","has-post-thumbnail","hentry"],"yoast_head":"<!-- This site is optimized with the Yoast SEO plugin v26.9 - https:\/\/yoast.com\/product\/yoast-seo-wordpress\/ -->\n<title>Training - De Wimperspecialist voor Natuurlijk Mooie Wimpers<\/title>\n<meta name=\"description\" content=\"Training wimperextensions One by One. De kosten van deze training, compleet met starterspakket, lesboek en certificaat bedragen \u20ac 450,00\" \/>\n<meta name=\"robots\" content=\"index, follow, max-snippet:-1, max-image-preview:large, max-video-preview:-1\" \/>\n<link rel=\"canonical\" href=\"https:\/\/www.dewimperspecialist.nl\/web\/training\/\" \/>\n<meta property=\"og:locale\" content=\"nl_NL\" \/>\n<meta property=\"og:type\" content=\"article\" \/>\n<meta property=\"og:title\" content=\"Training - De Wimperspecialist voor Natuurlijk Mooie Wimpers\" \/>\n<meta property=\"og:description\" content=\"Training wimperextensions One by One. De kosten van deze training, compleet met starterspakket, lesboek en certificaat bedragen \u20ac 450,00\" \/>\n<meta property=\"og:url\" content=\"https:\/\/www.dewimperspecialist.nl\/web\/training\/\" \/>\n<meta property=\"og:site_name\" content=\"De Wimperspecialist voor Natuurlijk Mooie Wimpers\" \/>\n<meta property=\"article:publisher\" content=\"https:\/\/www.facebook.com\/nora.dewimperspecialist\" \/>\n<meta property=\"article:modified_time\" content=\"2026-02-05T14:49:23+00:00\" \/>\n<meta property=\"og:image\" content=\"https:\/\/www.dewimperspecialist.nl\/web\/wp-content\/uploads\/2018\/03\/2-1024x963.jpg\" \/>\n\t<meta property=\"og:image:width\" content=\"1024\" \/>\n\t<meta property=\"og:image:height\" content=\"963\" \/>\n\t<meta property=\"og:image:type\" content=\"image\/jpeg\" \/>\n<meta name=\"twitter:card\" content=\"summary_large_image\" \/>\n<meta name=\"twitter:label1\" content=\"Geschatte leestijd\" \/>\n\t<meta name=\"twitter:data1\" content=\"2 minuten\" \/>\n<script type=\"application\/ld+json\" class=\"yoast-schema-graph\">{\"@context\":\"https:\/\/schema.org\",\"@graph\":[{\"@type\":\"WebPage\",\"@id\":\"https:\/\/www.dewimperspecialist.nl\/web\/training\/\",\"url\":\"https:\/\/www.dewimperspecialist.nl\/web\/training\/\",\"name\":\"Training - De Wimperspecialist voor Natuurlijk Mooie Wimpers\",\"isPartOf\":{\"@id\":\"https:\/\/www.dewimperspecialist.nl\/web\/#website\"},\"primaryImageOfPage\":{\"@id\":\"https:\/\/www.dewimperspecialist.nl\/web\/training\/#primaryimage\"},\"image\":{\"@id\":\"https:\/\/www.dewimperspecialist.nl\/web\/training\/#primaryimage\"},\"thumbnailUrl\":\"https:\/\/i0.wp.com\/www.dewimperspecialist.nl\/web\/wp-content\/uploads\/2018\/03\/2.jpg?fit=6500%2C6115&ssl=1\",\"datePublished\":\"2016-12-18T10:43:34+00:00\",\"dateModified\":\"2026-02-05T14:49:23+00:00\",\"description\":\"Training wimperextensions One by One. De kosten van deze training, compleet met starterspakket, lesboek en certificaat bedragen \u20ac 450,00\",\"breadcrumb\":{\"@id\":\"https:\/\/www.dewimperspecialist.nl\/web\/training\/#breadcrumb\"},\"inLanguage\":\"nl-NL\",\"potentialAction\":[{\"@type\":\"ReadAction\",\"target\":[\"https:\/\/www.dewimperspecialist.nl\/web\/training\/\"]}]},{\"@type\":\"ImageObject\",\"inLanguage\":\"nl-NL\",\"@id\":\"https:\/\/www.dewimperspecialist.nl\/web\/training\/#primaryimage\",\"url\":\"https:\/\/i0.wp.com\/www.dewimperspecialist.nl\/web\/wp-content\/uploads\/2018\/03\/2.jpg?fit=6500%2C6115&ssl=1\",\"contentUrl\":\"https:\/\/i0.wp.com\/www.dewimperspecialist.nl\/web\/wp-content\/uploads\/2018\/03\/2.jpg?fit=6500%2C6115&ssl=1\",\"width\":6500,\"height\":6115,\"caption\":\"Beauty Fashion model girl with brown hair wearing stylish sunglasses. Sexy woman portrait with perfect makeup and manicure, trendy accessories and fashion wear. Beauty trends. Isolated on white\"},{\"@type\":\"BreadcrumbList\",\"@id\":\"https:\/\/www.dewimperspecialist.nl\/web\/training\/#breadcrumb\",\"itemListElement\":[{\"@type\":\"ListItem\",\"position\":1,\"name\":\"Home\",\"item\":\"https:\/\/www.dewimperspecialist.nl\/web\/\"},{\"@type\":\"ListItem\",\"position\":2,\"name\":\"Training\"}]},{\"@type\":\"WebSite\",\"@id\":\"https:\/\/www.dewimperspecialist.nl\/web\/#website\",\"url\":\"https:\/\/www.dewimperspecialist.nl\/web\/\",\"name\":\"De Wimperspecialist\",\"description\":\"Natuurlijk Mooie Wimpers\",\"publisher\":{\"@id\":\"https:\/\/www.dewimperspecialist.nl\/web\/#organization\"},\"potentialAction\":[{\"@type\":\"SearchAction\",\"target\":{\"@type\":\"EntryPoint\",\"urlTemplate\":\"https:\/\/www.dewimperspecialist.nl\/web\/?s={search_term_string}\"},\"query-input\":{\"@type\":\"PropertyValueSpecification\",\"valueRequired\":true,\"valueName\":\"search_term_string\"}}],\"inLanguage\":\"nl-NL\"},{\"@type\":\"Organization\",\"@id\":\"https:\/\/www.dewimperspecialist.nl\/web\/#organization\",\"name\":\"De Wimperspecialist\",\"url\":\"https:\/\/www.dewimperspecialist.nl\/web\/\",\"logo\":{\"@type\":\"ImageObject\",\"inLanguage\":\"nl-NL\",\"@id\":\"https:\/\/www.dewimperspecialist.nl\/web\/#\/schema\/logo\/image\/\",\"url\":\"https:\/\/i1.wp.com\/www.dewimperspecialist.nl\/web\/wp-content\/uploads\/2016\/12\/headerimg1.jpg?fit=1280%2C394&ssl=1\",\"contentUrl\":\"https:\/\/i1.wp.com\/www.dewimperspecialist.nl\/web\/wp-content\/uploads\/2016\/12\/headerimg1.jpg?fit=1280%2C394&ssl=1\",\"width\":1280,\"height\":394,\"caption\":\"De Wimperspecialist\"},\"image\":{\"@id\":\"https:\/\/www.dewimperspecialist.nl\/web\/#\/schema\/logo\/image\/\"},\"sameAs\":[\"https:\/\/www.facebook.com\/nora.dewimperspecialist\",\"https:\/\/www.instagram.com\/de_wimperspecialist\/\"]}]}<\/script>\n<!-- \/ Yoast SEO plugin. -->","yoast_head_json":{"title":"Training - De Wimperspecialist voor Natuurlijk Mooie Wimpers","description":"Training wimperextensions One by One. De kosten van deze training, compleet met starterspakket, lesboek en certificaat bedragen \u20ac 450,00","robots":{"index":"index","follow":"follow","max-snippet":"max-snippet:-1","max-image-preview":"max-image-preview:large","max-video-preview":"max-video-preview:-1"},"canonical":"https:\/\/www.dewimperspecialist.nl\/web\/training\/","og_locale":"nl_NL","og_type":"article","og_title":"Training - De Wimperspecialist voor Natuurlijk Mooie Wimpers","og_description":"Training wimperextensions One by One. De kosten van deze training, compleet met starterspakket, lesboek en certificaat bedragen \u20ac 450,00","og_url":"https:\/\/www.dewimperspecialist.nl\/web\/training\/","og_site_name":"De Wimperspecialist voor Natuurlijk Mooie Wimpers","article_publisher":"https:\/\/www.facebook.com\/nora.dewimperspecialist","article_modified_time":"2026-02-05T14:49:23+00:00","og_image":[{"width":1024,"height":963,"url":"https:\/\/www.dewimperspecialist.nl\/web\/wp-content\/uploads\/2018\/03\/2-1024x963.jpg","type":"image\/jpeg"}],"twitter_card":"summary_large_image","twitter_misc":{"Geschatte leestijd":"2 minuten"},"schema":{"@context":"https:\/\/schema.org","@graph":[{"@type":"WebPage","@id":"https:\/\/www.dewimperspecialist.nl\/web\/training\/","url":"https:\/\/www.dewimperspecialist.nl\/web\/training\/","name":"Training - De Wimperspecialist voor Natuurlijk Mooie Wimpers","isPartOf":{"@id":"https:\/\/www.dewimperspecialist.nl\/web\/#website"},"primaryImageOfPage":{"@id":"https:\/\/www.dewimperspecialist.nl\/web\/training\/#primaryimage"},"image":{"@id":"https:\/\/www.dewimperspecialist.nl\/web\/training\/#primaryimage"},"thumbnailUrl":"https:\/\/i0.wp.com\/www.dewimperspecialist.nl\/web\/wp-content\/uploads\/2018\/03\/2.jpg?fit=6500%2C6115&ssl=1","datePublished":"2016-12-18T10:43:34+00:00","dateModified":"2026-02-05T14:49:23+00:00","description":"Training wimperextensions One by One. De kosten van deze training, compleet met starterspakket, lesboek en certificaat bedragen \u20ac 450,00","breadcrumb":{"@id":"https:\/\/www.dewimperspecialist.nl\/web\/training\/#breadcrumb"},"inLanguage":"nl-NL","potentialAction":[{"@type":"ReadAction","target":["https:\/\/www.dewimperspecialist.nl\/web\/training\/"]}]},{"@type":"ImageObject","inLanguage":"nl-NL","@id":"https:\/\/www.dewimperspecialist.nl\/web\/training\/#primaryimage","url":"https:\/\/i0.wp.com\/www.dewimperspecialist.nl\/web\/wp-content\/uploads\/2018\/03\/2.jpg?fit=6500%2C6115&ssl=1","contentUrl":"https:\/\/i0.wp.com\/www.dewimperspecialist.nl\/web\/wp-content\/uploads\/2018\/03\/2.jpg?fit=6500%2C6115&ssl=1","width":6500,"height":6115,"caption":"Beauty Fashion model girl with brown hair wearing stylish sunglasses. Sexy woman portrait with perfect makeup and manicure, trendy accessories and fashion wear. Beauty trends. Isolated on white"},{"@type":"BreadcrumbList","@id":"https:\/\/www.dewimperspecialist.nl\/web\/training\/#breadcrumb","itemListElement":[{"@type":"ListItem","position":1,"name":"Home","item":"https:\/\/www.dewimperspecialist.nl\/web\/"},{"@type":"ListItem","position":2,"name":"Training"}]},{"@type":"WebSite","@id":"https:\/\/www.dewimperspecialist.nl\/web\/#website","url":"https:\/\/www.dewimperspecialist.nl\/web\/","name":"De Wimperspecialist","description":"Natuurlijk Mooie Wimpers","publisher":{"@id":"https:\/\/www.dewimperspecialist.nl\/web\/#organization"},"potentialAction":[{"@type":"SearchAction","target":{"@type":"EntryPoint","urlTemplate":"https:\/\/www.dewimperspecialist.nl\/web\/?s={search_term_string}"},"query-input":{"@type":"PropertyValueSpecification","valueRequired":true,"valueName":"search_term_string"}}],"inLanguage":"nl-NL"},{"@type":"Organization","@id":"https:\/\/www.dewimperspecialist.nl\/web\/#organization","name":"De Wimperspecialist","url":"https:\/\/www.dewimperspecialist.nl\/web\/","logo":{"@type":"ImageObject","inLanguage":"nl-NL","@id":"https:\/\/www.dewimperspecialist.nl\/web\/#\/schema\/logo\/image\/","url":"https:\/\/i1.wp.com\/www.dewimperspecialist.nl\/web\/wp-content\/uploads\/2016\/12\/headerimg1.jpg?fit=1280%2C394&ssl=1","contentUrl":"https:\/\/i1.wp.com\/www.dewimperspecialist.nl\/web\/wp-content\/uploads\/2016\/12\/headerimg1.jpg?fit=1280%2C394&ssl=1","width":1280,"height":394,"caption":"De Wimperspecialist"},"image":{"@id":"https:\/\/www.dewimperspecialist.nl\/web\/#\/schema\/logo\/image\/"},"sameAs":["https:\/\/www.facebook.com\/nora.dewimperspecialist","https:\/\/www.instagram.com\/de_wimperspecialist\/"]}]}},"jetpack_sharing_enabled":true,"jetpack_shortlink":"https:\/\/wp.me\/P9pyrq-H","jetpack-related-posts":[],"_links":{"self":[{"href":"https:\/\/www.dewimperspecialist.nl\/web\/wp-json\/wp\/v2\/pages\/43","targetHints":{"allow":["GET"]}}],"collection":[{"href":"https:\/\/www.dewimperspecialist.nl\/web\/wp-json\/wp\/v2\/pages"}],"about":[{"href":"https:\/\/www.dewimperspecialist.nl\/web\/wp-json\/wp\/v2\/types\/page"}],"author":[{"embeddable":true,"href":"https:\/\/www.dewimperspecialist.nl\/web\/wp-json\/wp\/v2\/users\/1"}],"replies":[{"embeddable":true,"href":"https:\/\/www.dewimperspecialist.nl\/web\/wp-json\/wp\/v2\/comments?post=43"}],"version-history":[{"count":32,"href":"https:\/\/www.dewimperspecialist.nl\/web\/wp-json\/wp\/v2\/pages\/43\/revisions"}],"predecessor-version":[{"id":1221,"href":"https:\/\/www.dewimperspecialist.nl\/web\/wp-json\/wp\/v2\/pages\/43\/revisions\/1221"}],"wp:featuredmedia":[{"embeddable":true,"href":"https:\/\/www.dewimperspecialist.nl\/web\/wp-json\/wp\/v2\/media\/535"}],"wp:attachment":[{"href":"https:\/\/www.dewimperspecialist.nl\/web\/wp-json\/wp\/v2\/media?parent=43"}],"curies":[{"name":"wp","href":"https:\/\/api.w.org\/{rel}","templated":true}]}}