{"id":442,"date":"2018-03-04T16:26:04","date_gmt":"2018-03-04T14:26:04","guid":{"rendered":"http:\/\/www.dewimperspecialist.nl\/web\/?page_id=442"},"modified":"2024-10-29T14:45:20","modified_gmt":"2024-10-29T12:45:20","slug":"classic-lashes","status":"publish","type":"page","link":"https:\/\/www.dewimperspecialist.nl\/web\/classic-lashes\/","title":{"rendered":"Classic Lashes"},"content":{"rendered":"<p>Bij een classic set worden de wimperextensions \u00e9\u00e9n voor \u00e9\u00e9n aan de eigen wimperhaartjes bevestigd met een speciale lijm.<br \/>\nWij werken met flat lashes die lichter zijn, en daardoor minder zwaar voor de natuurlijke wimper, maar toch een mooie volle look geven. Voor garantie is er een verplichte afname, bij een nieuwe set, van lash shampoo.<br \/>\nDe behandeling van een nieuwe set duurt ongeveer anderhalf uur.<br \/>\nNa ongeveer 3 weken is het tijd voor een refill.<\/p>\n<p>Het is van belang om met schone wimpers te komen. Het advies is om de avond voor de behandeling de wimpers te wassen en op de dag van behandeling geen make-up te gebruiken. Het is ook mogelijk om de wimpers schoon te laten maken door De Wimperspecialist, echter kosten hiervan bedragen \u20ac 5,00 en dit gaat van de geplande tijd af.<\/p>\n","protected":false},"excerpt":{"rendered":"<p>Bij een classic set worden de wimperextensions \u00e9\u00e9n voor \u00e9\u00e9n aan de eigen wimperhaartjes bevestigd met een speciale lijm. Wij werken met flat lashes die lichter zijn, en daardoor minder zwaar voor de natuurlijke wimper, maar toch een mooie volle look geven. Voor garantie is er een verplichte afname, bij een nieuwe set, van lash &hellip; <\/p>\n<p class=\"link-more\"><a href=\"https:\/\/www.dewimperspecialist.nl\/web\/classic-lashes\/\" class=\"more-link\">Lees verder <span class=\"screen-reader-text\">&#8220;Classic Lashes&#8221;<\/span><\/a><\/p>\n","protected":false},"author":1,"featured_media":0,"parent":0,"menu_order":0,"comment_status":"closed","ping_status":"closed","template":"","meta":{"jetpack_post_was_ever_published":false,"_joinchat":[],"footnotes":"","_links_to":"","_links_to_target":""},"class_list":["post-442","page","type-page","status-publish","hentry"],"yoast_head":"<!-- This site is optimized with the Yoast SEO plugin v26.9 - https:\/\/yoast.com\/product\/yoast-seo-wordpress\/ -->\n<title>Classic Lashes - De Wimperspecialist voor Natuurlijk Mooie Wimpers<\/title>\n<meta name=\"robots\" content=\"index, follow, max-snippet:-1, max-image-preview:large, max-video-preview:-1\" \/>\n<link rel=\"canonical\" href=\"https:\/\/www.dewimperspecialist.nl\/web\/classic-lashes\/\" \/>\n<meta property=\"og:locale\" content=\"nl_NL\" \/>\n<meta property=\"og:type\" content=\"article\" \/>\n<meta property=\"og:title\" content=\"Classic Lashes - De Wimperspecialist voor Natuurlijk Mooie Wimpers\" \/>\n<meta property=\"og:description\" content=\"Bij een classic set worden de wimperextensions \u00e9\u00e9n voor \u00e9\u00e9n aan de eigen wimperhaartjes bevestigd met een speciale lijm. Wij werken met flat lashes die lichter zijn, en daardoor minder zwaar voor de natuurlijke wimper, maar toch een mooie volle look geven. Voor garantie is er een verplichte afname, bij een nieuwe set, van lash &hellip; Lees verder &quot;Classic Lashes&quot;\" \/>\n<meta property=\"og:url\" content=\"https:\/\/www.dewimperspecialist.nl\/web\/classic-lashes\/\" \/>\n<meta property=\"og:site_name\" content=\"De Wimperspecialist voor Natuurlijk Mooie Wimpers\" \/>\n<meta property=\"article:publisher\" content=\"https:\/\/www.facebook.com\/nora.dewimperspecialist\" \/>\n<meta property=\"article:modified_time\" content=\"2024-10-29T12:45:20+00:00\" \/>\n<meta name=\"twitter:card\" content=\"summary_large_image\" \/>\n<meta name=\"twitter:label1\" content=\"Geschatte leestijd\" \/>\n\t<meta name=\"twitter:data1\" content=\"1 minuut\" \/>\n<script type=\"application\/ld+json\" class=\"yoast-schema-graph\">{\"@context\":\"https:\/\/schema.org\",\"@graph\":[{\"@type\":\"WebPage\",\"@id\":\"https:\/\/www.dewimperspecialist.nl\/web\/classic-lashes\/\",\"url\":\"https:\/\/www.dewimperspecialist.nl\/web\/classic-lashes\/\",\"name\":\"Classic Lashes - De Wimperspecialist voor Natuurlijk Mooie Wimpers\",\"isPartOf\":{\"@id\":\"https:\/\/www.dewimperspecialist.nl\/web\/#website\"},\"datePublished\":\"2018-03-04T14:26:04+00:00\",\"dateModified\":\"2024-10-29T12:45:20+00:00\",\"breadcrumb\":{\"@id\":\"https:\/\/www.dewimperspecialist.nl\/web\/classic-lashes\/#breadcrumb\"},\"inLanguage\":\"nl-NL\",\"potentialAction\":[{\"@type\":\"ReadAction\",\"target\":[\"https:\/\/www.dewimperspecialist.nl\/web\/classic-lashes\/\"]}]},{\"@type\":\"BreadcrumbList\",\"@id\":\"https:\/\/www.dewimperspecialist.nl\/web\/classic-lashes\/#breadcrumb\",\"itemListElement\":[{\"@type\":\"ListItem\",\"position\":1,\"name\":\"Home\",\"item\":\"https:\/\/www.dewimperspecialist.nl\/web\/\"},{\"@type\":\"ListItem\",\"position\":2,\"name\":\"Classic Lashes\"}]},{\"@type\":\"WebSite\",\"@id\":\"https:\/\/www.dewimperspecialist.nl\/web\/#website\",\"url\":\"https:\/\/www.dewimperspecialist.nl\/web\/\",\"name\":\"De Wimperspecialist\",\"description\":\"Natuurlijk Mooie Wimpers\",\"publisher\":{\"@id\":\"https:\/\/www.dewimperspecialist.nl\/web\/#organization\"},\"potentialAction\":[{\"@type\":\"SearchAction\",\"target\":{\"@type\":\"EntryPoint\",\"urlTemplate\":\"https:\/\/www.dewimperspecialist.nl\/web\/?s={search_term_string}\"},\"query-input\":{\"@type\":\"PropertyValueSpecification\",\"valueRequired\":true,\"valueName\":\"search_term_string\"}}],\"inLanguage\":\"nl-NL\"},{\"@type\":\"Organization\",\"@id\":\"https:\/\/www.dewimperspecialist.nl\/web\/#organization\",\"name\":\"De Wimperspecialist\",\"url\":\"https:\/\/www.dewimperspecialist.nl\/web\/\",\"logo\":{\"@type\":\"ImageObject\",\"inLanguage\":\"nl-NL\",\"@id\":\"https:\/\/www.dewimperspecialist.nl\/web\/#\/schema\/logo\/image\/\",\"url\":\"https:\/\/i1.wp.com\/www.dewimperspecialist.nl\/web\/wp-content\/uploads\/2016\/12\/headerimg1.jpg?fit=1280%2C394&ssl=1\",\"contentUrl\":\"https:\/\/i1.wp.com\/www.dewimperspecialist.nl\/web\/wp-content\/uploads\/2016\/12\/headerimg1.jpg?fit=1280%2C394&ssl=1\",\"width\":1280,\"height\":394,\"caption\":\"De Wimperspecialist\"},\"image\":{\"@id\":\"https:\/\/www.dewimperspecialist.nl\/web\/#\/schema\/logo\/image\/\"},\"sameAs\":[\"https:\/\/www.facebook.com\/nora.dewimperspecialist\",\"https:\/\/www.instagram.com\/de_wimperspecialist\/\"]}]}<\/script>\n<!-- \/ Yoast SEO plugin. -->","yoast_head_json":{"title":"Classic Lashes - De Wimperspecialist voor Natuurlijk Mooie Wimpers","robots":{"index":"index","follow":"follow","max-snippet":"max-snippet:-1","max-image-preview":"max-image-preview:large","max-video-preview":"max-video-preview:-1"},"canonical":"https:\/\/www.dewimperspecialist.nl\/web\/classic-lashes\/","og_locale":"nl_NL","og_type":"article","og_title":"Classic Lashes - De Wimperspecialist voor Natuurlijk Mooie Wimpers","og_description":"Bij een classic set worden de wimperextensions \u00e9\u00e9n voor \u00e9\u00e9n aan de eigen wimperhaartjes bevestigd met een speciale lijm. Wij werken met flat lashes die lichter zijn, en daardoor minder zwaar voor de natuurlijke wimper, maar toch een mooie volle look geven. Voor garantie is er een verplichte afname, bij een nieuwe set, van lash &hellip; Lees verder \"Classic Lashes\"","og_url":"https:\/\/www.dewimperspecialist.nl\/web\/classic-lashes\/","og_site_name":"De Wimperspecialist voor Natuurlijk Mooie Wimpers","article_publisher":"https:\/\/www.facebook.com\/nora.dewimperspecialist","article_modified_time":"2024-10-29T12:45:20+00:00","twitter_card":"summary_large_image","twitter_misc":{"Geschatte leestijd":"1 minuut"},"schema":{"@context":"https:\/\/schema.org","@graph":[{"@type":"WebPage","@id":"https:\/\/www.dewimperspecialist.nl\/web\/classic-lashes\/","url":"https:\/\/www.dewimperspecialist.nl\/web\/classic-lashes\/","name":"Classic Lashes - De Wimperspecialist voor Natuurlijk Mooie Wimpers","isPartOf":{"@id":"https:\/\/www.dewimperspecialist.nl\/web\/#website"},"datePublished":"2018-03-04T14:26:04+00:00","dateModified":"2024-10-29T12:45:20+00:00","breadcrumb":{"@id":"https:\/\/www.dewimperspecialist.nl\/web\/classic-lashes\/#breadcrumb"},"inLanguage":"nl-NL","potentialAction":[{"@type":"ReadAction","target":["https:\/\/www.dewimperspecialist.nl\/web\/classic-lashes\/"]}]},{"@type":"BreadcrumbList","@id":"https:\/\/www.dewimperspecialist.nl\/web\/classic-lashes\/#breadcrumb","itemListElement":[{"@type":"ListItem","position":1,"name":"Home","item":"https:\/\/www.dewimperspecialist.nl\/web\/"},{"@type":"ListItem","position":2,"name":"Classic Lashes"}]},{"@type":"WebSite","@id":"https:\/\/www.dewimperspecialist.nl\/web\/#website","url":"https:\/\/www.dewimperspecialist.nl\/web\/","name":"De Wimperspecialist","description":"Natuurlijk Mooie Wimpers","publisher":{"@id":"https:\/\/www.dewimperspecialist.nl\/web\/#organization"},"potentialAction":[{"@type":"SearchAction","target":{"@type":"EntryPoint","urlTemplate":"https:\/\/www.dewimperspecialist.nl\/web\/?s={search_term_string}"},"query-input":{"@type":"PropertyValueSpecification","valueRequired":true,"valueName":"search_term_string"}}],"inLanguage":"nl-NL"},{"@type":"Organization","@id":"https:\/\/www.dewimperspecialist.nl\/web\/#organization","name":"De Wimperspecialist","url":"https:\/\/www.dewimperspecialist.nl\/web\/","logo":{"@type":"ImageObject","inLanguage":"nl-NL","@id":"https:\/\/www.dewimperspecialist.nl\/web\/#\/schema\/logo\/image\/","url":"https:\/\/i1.wp.com\/www.dewimperspecialist.nl\/web\/wp-content\/uploads\/2016\/12\/headerimg1.jpg?fit=1280%2C394&ssl=1","contentUrl":"https:\/\/i1.wp.com\/www.dewimperspecialist.nl\/web\/wp-content\/uploads\/2016\/12\/headerimg1.jpg?fit=1280%2C394&ssl=1","width":1280,"height":394,"caption":"De Wimperspecialist"},"image":{"@id":"https:\/\/www.dewimperspecialist.nl\/web\/#\/schema\/logo\/image\/"},"sameAs":["https:\/\/www.facebook.com\/nora.dewimperspecialist","https:\/\/www.instagram.com\/de_wimperspecialist\/"]}]}},"jetpack_sharing_enabled":true,"jetpack_shortlink":"https:\/\/wp.me\/P9pyrq-78","jetpack-related-posts":[],"_links":{"self":[{"href":"https:\/\/www.dewimperspecialist.nl\/web\/wp-json\/wp\/v2\/pages\/442","targetHints":{"allow":["GET"]}}],"collection":[{"href":"https:\/\/www.dewimperspecialist.nl\/web\/wp-json\/wp\/v2\/pages"}],"about":[{"href":"https:\/\/www.dewimperspecialist.nl\/web\/wp-json\/wp\/v2\/types\/page"}],"author":[{"embeddable":true,"href":"https:\/\/www.dewimperspecialist.nl\/web\/wp-json\/wp\/v2\/users\/1"}],"replies":[{"embeddable":true,"href":"https:\/\/www.dewimperspecialist.nl\/web\/wp-json\/wp\/v2\/comments?post=442"}],"version-history":[{"count":9,"href":"https:\/\/www.dewimperspecialist.nl\/web\/wp-json\/wp\/v2\/pages\/442\/revisions"}],"predecessor-version":[{"id":1147,"href":"https:\/\/www.dewimperspecialist.nl\/web\/wp-json\/wp\/v2\/pages\/442\/revisions\/1147"}],"wp:attachment":[{"href":"https:\/\/www.dewimperspecialist.nl\/web\/wp-json\/wp\/v2\/media?parent=442"}],"curies":[{"name":"wp","href":"https:\/\/api.w.org\/{rel}","templated":true}]}}